git of 14218199?
9
What is the ten thousands digit of 4667434?
6
What is the tens digit of 4540559?
5
What is the hundred thousands digit of 1855624?
8
What is the units digit of 2293310?
0
What is the ten millions digit of 38489927?
3
What is the hundred thousands digit of 1349106?
3
What is the thousands digit of 1308309?
8
What is the tens digit of 266947?
4
What is the hundreds digit of 1711266?
2
What is the hundreds digit of 7850636?
6
What is the millions digit of 15717647?
5
What is the hundreds digit of 709198?
1
What is the hundreds digit of 7431749?
7
What is the tens digit of 4003532?
3
What is the hundred thousands digit of 20807057?
8
What is the hundred thousands digit of 6754709?
7
What is the units digit of 10451030?
0
What is the millions digit of 1233412?
1
What is the ten thousands digit of 1925330?
2
What is the millions digit of 1193021?
1
What is the thousands digit of 2955617?
5
What is the hundreds digit of 507122?
1
What is the units digit of 263502?
2
What is the ten thousands digit of 86469?
8
What is the tens digit of 669215?
1
What is the hundred thousands digit of 348100?
3
What is the ten thousands digit of 7322690?
2
What is the tens digit of 7117593?
9
What is the thousands digit of 3989519?
9
What is the units digit of 154717?
7
What is the hundred thousands digit of 1733419?
7
What is the tens digit of 5910628?
2
What is the tens digit of 6494543?
4
What is the hundreds digit of 263777?
7
What is the hundred thousands digit of 563108?
5
What is the units digit of 2031739?
9
What is the tens digit of 2759796?
9
What is the ten thousands digit of 4349767?
4
What is the units digit of 470414?
4
What is the hundreds digit of 194501?
5
What is the ten thousands digit of 5803956?
0
What is the ten thousands digit of 1544098?
4
What is the units digit of 19922?
2
What is the units digit of 97822?
2
What is the hundreds digit of 887014?
0
What is the hundred thousands digit of 7143309?
1
What is the tens digit of 7521672?
7
What is the units digit of 224181?
1
What is the tens digit of 1574580?
8
What is the tens digit of 558024?
2
What is the units digit of 10974123?
3
What is the hundreds digit of 150987?
9
What is the ten thousands digit of 253500?
5
What is the hundred thousands digit of 187985?
1
What is the units digit of 287559?
9
What is the units digit of 66256?
6
What is the hundreds digit of 2396079?
0
What is the thousands digit of 2750570?
0
What is the hundreds digit of 1124639?
6
What is the tens digit of 153934?
3
What is the ten thousands digit of 319762?
1
What is the units digit of 1945476?
6
What is the hundreds digit of 544588?
5
What is the hundred thousands digit of 597845?
5
What is the tens digit of 134140?
4
What is the hundred thousands digit of 2202527?
2
What is the millions digit of 1092049?
1
What is the thousands digit of 2735149?
5
What is the ten thousands digit of 4972112?
7
What is the tens digit of 405505?
0
What is the ten thousands digit of 189861?
8
What is the hundred thousands digit of 271216?
2
What is the tens digit of 1301501?
0
What is the hundred thousands digit of 4035958?
0
What is the hundreds digit of 33206176?
1
What is the hundred thousands digit of 355969?
3
What is the thousands digit of 509836?
9
What is the tens digit of 250667?
6
What is the tens digit of 233387?
8
What is the units digit of 9777182?
2
What is the hundred thousands digit of 398169?
3
What is the hundreds digit of 6728017?
0
What is the units digit of 70615?
5
What is the hundred thousands digit of 16652227?
6
What is the hundreds digit of 4380263?
2
What is the tens digit of 679635?
3
What is the ten thousands digit of 39490?
3
What is the thousands digit of 677533?
7
What is the tens digit of 15889712?
1
What is the thousands digit of 570679?
0
What is the ten millions digit of 16901176?
1
What is the units digit of 259814?
4
What is the ten thousands digit of 625527?
2
What is the hundreds digit of 451750?
7
What is the ten thousands digit of 197689?
9
What is the thousands digit of 12683155?
3
What is the tens digit of 354993?
9
What is the hundreds digit of 1887374?
3
What is the tens digit of 304397?
9
What is the ten thousands digit of 140600?
4
What is the units digit of 161425?
5
What is the units digit of 3460155?
5
What is the ten thousands digit of 4034510?
3
What is the hundred thousands digit of 548164?
5
What is the ten thousands digit of 15046777?
4
What is the hundreds digit of 1356177?
1
What is the units digit of 543574?
4
What is the tens digit of 121301?
0
What is the hundred thousands digit of 449410?
4
What is the tens digit of 761274?
7
What is the thousands digit of 1465952?
5
What is the ten thousands digit of 253996?
5
What is the ten thousands digit of 30308967?
0
What is the hundred thousands digit of 186318?
1
What is the thousands digit of 11200428?
0
What is the units digit of 467542?
2
What is the units digit of 911446?
6
What is the ten thousands digit of 7671643?
7
What is the hundreds digit of 10523?
5
What is the millions digit of 1145630?
1
What is the hundred thousands digit of 151297?
1
What is the units digit of 281926?
6
What is the hundreds digit of 333903?
9
What is the thousands digit of 18429?
8
What is the hundred thousands digit of 182681?
1
What is the ten thousands digit of 3746960?
4
What is the tens digit of 1233599?
9
What is the millions digit of 2938404?
2
What is the ten thousands digit of 18831188?
3
What is the units digit of 320634?
4
What is the thousands digit of 1987740?
7
What is the thousands digit of 327124?
7
What is the ten thousands digit of 505665?
0
What is the thousands digit of 2280492?
0
What is the hundreds digit of 2462067?
0
What is the ten thousands digit of 16799754?
9
What is the thousands digit of 54780?
4
What is the tens digit of 235792?
9
What is the millions digit of 1121616?
1
What is the hundreds digit of 280910?
9
What is the ten thousands digit of 2423751?
2
What is the hundred thousands digit of 20457260?
4
What is the hundred thousands digit of 3055090?
0
What is the hundreds digit of 3481888?
8
What is the millions digit of 3835786?
3
What is the hundred thousands digit of 1719521?
7
What is the hundreds digit of 703370?
3
What is the tens digit of 420286?
8
What is the units digit of 6822151?
1
What is the hundreds digit of 7032716?
7
What is the units digit of 539439?
9
What is the hundreds digit of 305014?
0
What is the hundreds digit of 10336543?
5
What is the ten thousands digit of 8620489?
2
What is the thousands digit of 494492?
4
What is the units digit of 10796?
6
What is the tens digit of 352918?
1
What is the millions digit of 1015714?
1
What is the tens digit of 8270081?
8
What is the units digit of 44963?
3
What is the tens digit of 210761?
6
What is the hundred thousands digit of 1804600?
8
What is the thousands digit of 248509?
8
What is the hundred thousands digit of 206458?
2
What is the hundreds digit of 566474?
4
What is the hundred thousands digit of 1461526?
4
What is the ten thousands digit of 352959?
5
What is the hundred thousands digit of 3359032?
3
What is the units digit of 597255?
5
What is the hundred thousands digit of 212223?
2
What is the ten thousands digit of 1426348?
2
What is the thousands digit of 8518676?
8
What is the hundreds digit of 539321?
3
What is the tens digit of 1429893?
9
What is the ten thousands digit of 86724?
8
What is the hundred thousands digit of 1001489?
0
What is the tens digit of 187132?
3
What is the hundred thousands digit of 463044?
4
What is the ten thousands digit of 9740909?
4
What is the ten millions digit of 20209567?
2
What is the hundreds digit of 890380?
3
What is the units digit of 176845?
5
What is the hundreds digit of 818010?
0
What is the tens digit of 123136?
3
What is the hundred thousands digit of 482513?
4
What is the ten thousands digit of 1066380?
6
What is the tens digit of 2833136?
3
What is the hundreds digit of 978463?
4
What is the units digit of 3131878?
8
What is the hundred thousands digit of 1048237?
0
What is the units digit of 1981496?
6
What is the hundred thousands digit of 859009?
8
What is the hundred thousands digit of 1188566?
1
What is the tens digit of 336606?
0
What is the tens digit of 490908?
0
Wha